{"id":7873,"date":"2014-06-05T18:14:59","date_gmt":"2014-06-05T16:14:59","guid":{"rendered":"http:\/\/www.revuegruppen.com\/gruppen2018\/?post_type=product&#038;p=7873"},"modified":"2024-04-12T17:01:19","modified_gmt":"2024-04-12T15:01:19","slug":"gruppen-n9","status":"publish","type":"product","link":"https:\/\/www.revuegruppen.com\/gruppen\/produit\/gruppen-n9\/","title":{"rendered":"Gruppen n\u00b09"},"content":{"rendered":"<p style=\"font-weight: 400; text-align: justify;\"><strong>Entrevue<\/strong><br \/>\navec\u00a0<strong>SIMHA AROM<\/strong>\u00a0(ethnomusicologie)\u00a0\u2013\u00a0<em>Des Pygm\u00e9es \u00e0 Ligeti.<\/em><\/p>\n<p style=\"font-weight: 400; text-align: justify;\"><strong>Politique<\/strong><br \/>\n<strong>MICHAEL \u00ab\u00a0CETEWAYO\u00a0\u00bb TABOR,\u00a0<\/strong>N.Y. PANTHER 21\u00a0\u2013<em>\u00a0Capitalisme plus Came \u00e9gale g\u00e9nocide.<\/em><br \/>\n<span style=\"font-size: 10pt;\">Traduit de l&rsquo;anglais (US) et pr\u00e9sent\u00e9 par Laurent Jarfer.<\/span><br \/>\nCet article, in\u00e9dit en langue fran\u00e7aise, est l&rsquo;une des rares analyses r\u00e9volutionnaires du trafic et de la consommation de drogues dans nos soci\u00e9t\u00e9s modernes, et plus particuli\u00e8rement de leur fonction r\u00e9pressive pour les minorit\u00e9s ethniques et les pauvres.<\/p>\n<p style=\"font-weight: 400; text-align: justify;\"><strong>G\u00e9ographie<\/strong><strong><br \/>\n<\/strong><strong>JEAN-MARC BESSE<\/strong>\u00a0\u2013\u00a0<em>G\u00e9ographie psychique. Notes sur l&rsquo;espace comme sentiment.<br \/>\n<\/em>Une analyse des \u00ab\u00a0structures de la g\u00e9ographicit\u00e9 humaine\u00a0\u00bb, en retra\u00e7ant la g\u00e9n\u00e9alogie des rapports complexes entre g\u00e9ographie et psychologie.<\/p>\n<p style=\"font-weight: 400; text-align: justify;\"><strong>Cin\u00e9ma<\/strong><br \/>\n<strong>YANN BEAUVAIS<\/strong>\u00a0\u2013\u00a0<em>Ryan Trecartin \u2013 Internet comme mode de vie.<\/em><br \/>\nL\u2019\u0153uvre de l&rsquo;artiste-cin\u00e9aste am\u00e9ricain Ryan Trecartin.<\/p>\n<p style=\"font-weight: 400; text-align: justify;\"><strong>GABRIEL COND\u00c9<\/strong>\u00a0\u2013\u00a0<em>Le cin\u00e9ma des \u00ab\u00a0sales\u00a0\u00bb. Entre-vues d&rsquo;une politique du cin\u00e9ma.<br \/>\n<\/em>O\u00f9 il est question d&rsquo;une certaine politique d&rsquo;un cin\u00e9ma des origines, du chemin parcouru depuis, des monstres rencontr\u00e9s en cours de route, et des ombres qu&rsquo;ils projettent sur chacun de nos \u00e9crans num\u00e9riques.<\/p>\n<p style=\"font-weight: 400; text-align: justify;\"><strong>Photographies<\/strong><strong><br \/>\nESTER VONPLON<\/strong>\u00a0\u2013\u00a0<em>Und in der N\u00e4he die See.<br \/>\n<\/em>S\u00e9rie de photographies en noir et blanc, r\u00e9alis\u00e9e en Pologne durant l&rsquo;\u00e9t\u00e9 2009.<\/p>\n<p style=\"font-weight: 400; text-align: justify;\"><strong>Po\u00e9sie<\/strong><strong><br \/>\n<\/strong><strong>CHARLES PENNEQUIN\u00a0<\/strong>\u2013\u00a0<em>Je sais plus.<\/em><br \/>\nExtrait du<em>\u00a0Capitaine Fendu et ses exozomes.<br \/>\n<\/em><\/p>\n<p style=\"font-weight: 400; text-align: justify;\"><strong>SERGE PEY<\/strong>\u00a0\u2013\u00a0<em>Paroles et le\u00e7ons \u00e0 l&rsquo;usage des \u00e9coliers qui veulent changer le monde.<\/em>\u00a0(extraits)<\/p>\n<p style=\"font-weight: 400; text-align: justify;\"><strong>LAURENT JARFER<\/strong>\u00a0\u2013\u00a0<em>Obst\u00e9trique et cin\u00e9ma (I)<br \/>\n<\/em><\/p>\n<p style=\"font-weight: 400; text-align: justify;\"><strong>Philosophie<\/strong><strong><br \/>\n<\/strong><strong>S\u00c9BASTIEN MIRAV\u00c8TE<\/strong>\u00a0\u2013\u00a0<em>Comment Bergson est-il devenu Bergson ?<\/em><br \/>\nComment Bergson a-t-il invent\u00e9 son principal concept ? Nous proposons de le suivre pas \u00e0 pas.<\/p>\n<p style=\"font-weight: 400; text-align: justify;\"><strong>PIERRE-ULYSSE BARRANQUE<\/strong>\u00a0\u2013\u00a0<em>Id\u00e9ologie des classes dominantes et v\u00e9rit\u00e9 artistique chez Marx et Engels \u2013 Esth\u00e9tique de Marx III<br \/>\n<\/em>Il s&rsquo;agira d&rsquo;\u00e9tudier dans ce texte les conditions sociales des pratiques intellectuelles de la classe dominante, afin de pouvoir comprendre quelle fonction Marx r\u00e9serve aux artistes authentiques qui s&rsquo;en \u00e9mancipent.<\/p>\n<p style=\"text-align: justify;\"><strong>Litt\u00e9rature<\/strong><br \/>\n<strong>BERNARD BOURRIT<\/strong>\u00a0\u2013\u00a0<em>\u00a0L&rsquo;avenir du cirque en marche.<br \/>\n<\/em>Qui se souvient de Miss Djeck, qui fut condamn\u00e9e \u00e0 mort et pass\u00e9e par les armes apr\u00e8s avoir br\u00fbl\u00e9 les planches des meilleurs th\u00e9\u00e2tres ?<\/p>\n<p style=\"font-weight: 400; text-align: justify;\"><strong>Les Mots de Bonnefoy<\/strong><br \/>\nMots Crois\u00e9s de BERNARD BONNEFOY<\/p>\n<p style=\"font-weight: 400; text-align: justify;\"><strong>Illustrations<\/strong>\u00a0<strong><br \/>\nLAURENCE GATTI<\/strong><\/p>\n<div id='gallery-1' class='gallery galleryid-7873 gallery-columns-7 gallery-size-thumbnail'><figure class='gallery-item'>\n\t\t\t<div class='gallery-icon landscape'>\n\t\t\t\t<a href='https:\/\/www.revuegruppen.com\/gruppen\/wp-content\/uploads\/2014\/06\/Gruppen-n\u00b09.jpeg'><img loading=\"lazy\" decoding=\"async\" width=\"200\" height=\"200\" src=\"https:\/\/www.revuegruppen.com\/gruppen\/wp-content\/uploads\/2014\/06\/Gruppen-n\u00b09-200x200.jpeg\" class=\"attachment-thumbnail size-thumbnail\" alt=\"\" srcset=\"https:\/\/www.revuegruppen.com\/gruppen\/wp-content\/uploads\/2014\/06\/Gruppen-n\u00b09-200x200.jpeg 200w, https:\/\/www.revuegruppen.com\/gruppen\/wp-content\/uploads\/2014\/06\/Gruppen-n\u00b09-400x400.jpeg 400w, https:\/\/www.revuegruppen.com\/gruppen\/wp-content\/uploads\/2014\/06\/Gruppen-n\u00b09-800x800.jpeg 800w, https:\/\/www.revuegruppen.com\/gruppen\/wp-content\/uploads\/2014\/06\/Gruppen-n\u00b09-100x100.jpeg 100w\" sizes=\"auto, (max-width: 200px) 100vw, 200px\" \/><\/a>\n\t\t\t<\/div><\/figure><figure class='gallery-item'>\n\t\t\t<div class='gallery-icon landscape'>\n\t\t\t\t<a href='https:\/\/www.revuegruppen.com\/gruppen\/wp-content\/uploads\/2014\/06\/TRECARTIN2.jpeg'><img loading=\"lazy\" decoding=\"async\" width=\"200\" height=\"200\" src=\"https:\/\/www.revuegruppen.com\/gruppen\/wp-content\/uploads\/2014\/06\/TRECARTIN2-200x200.jpeg\" class=\"attachment-thumbnail size-thumbnail\" alt=\"\" srcset=\"https:\/\/www.revuegruppen.com\/gruppen\/wp-content\/uploads\/2014\/06\/TRECARTIN2-200x200.jpeg 200w, https:\/\/www.revuegruppen.com\/gruppen\/wp-content\/uploads\/2014\/06\/TRECARTIN2-100x100.jpeg 100w\" sizes=\"auto, (max-width: 200px) 100vw, 200px\" \/><\/a>\n\t\t\t<\/div><\/figure><figure class='gallery-item'>\n\t\t\t<div class='gallery-icon landscape'>\n\t\t\t\t<a href='https:\/\/www.revuegruppen.com\/gruppen\/wp-content\/uploads\/2014\/06\/Simha-Arom-Gruppen-9.jpeg'><img loading=\"lazy\" decoding=\"async\" width=\"200\" height=\"200\" src=\"https:\/\/www.revuegruppen.com\/gruppen\/wp-content\/uploads\/2014\/06\/Simha-Arom-Gruppen-9-200x200.jpeg\" class=\"attachment-thumbnail size-thumbnail\" alt=\"\" srcset=\"https:\/\/www.revuegruppen.com\/gruppen\/wp-content\/uploads\/2014\/06\/Simha-Arom-Gruppen-9-200x200.jpeg 200w, https:\/\/www.revuegruppen.com\/gruppen\/wp-content\/uploads\/2014\/06\/Simha-Arom-Gruppen-9-400x400.jpeg 400w, https:\/\/www.revuegruppen.com\/gruppen\/wp-content\/uploads\/2014\/06\/Simha-Arom-Gruppen-9-800x800.jpeg 800w, https:\/\/www.revuegruppen.com\/gruppen\/wp-content\/uploads\/2014\/06\/Simha-Arom-Gruppen-9-100x100.jpeg 100w\" sizes=\"auto, (max-width: 200px) 100vw, 200px\" \/><\/a>\n\t\t\t<\/div><\/figure><figure class='gallery-item'>\n\t\t\t<div class='gallery-icon landscape'>\n\t\t\t\t<a href='https:\/\/www.revuegruppen.com\/gruppen\/wp-content\/uploads\/2014\/06\/CETEWAYO4.jpeg'><img loading=\"lazy\" decoding=\"async\" width=\"200\" height=\"200\" src=\"https:\/\/www.revuegruppen.com\/gruppen\/wp-content\/uploads\/2014\/06\/CETEWAYO4-200x200.jpeg\" class=\"attachment-thumbnail size-thumbnail\" alt=\"\" srcset=\"https:\/\/www.revuegruppen.com\/gruppen\/wp-content\/uploads\/2014\/06\/CETEWAYO4-200x200.jpeg 200w, https:\/\/www.revuegruppen.com\/gruppen\/wp-content\/uploads\/2014\/06\/CETEWAYO4-100x100.jpeg 100w\" sizes=\"auto, (max-width: 200px) 100vw, 200px\" \/><\/a>\n\t\t\t<\/div><\/figure><figure class='gallery-item'>\n\t\t\t<div class='gallery-icon landscape'>\n\t\t\t\t<a href='https:\/\/www.revuegruppen.com\/gruppen\/wp-content\/uploads\/2014\/06\/M.-22Cetewayo22-Tabor-Gruppen-9.jpeg'><img loading=\"lazy\" decoding=\"async\" width=\"200\" height=\"200\" src=\"https:\/\/www.revuegruppen.com\/gruppen\/wp-content\/uploads\/2014\/06\/M.-22Cetewayo22-Tabor-Gruppen-9-200x200.jpeg\" class=\"attachment-thumbnail size-thumbnail\" alt=\"\" srcset=\"https:\/\/www.revuegruppen.com\/gruppen\/wp-content\/uploads\/2014\/06\/M.-22Cetewayo22-Tabor-Gruppen-9-200x200.jpeg 200w, https:\/\/www.revuegruppen.com\/gruppen\/wp-content\/uploads\/2014\/06\/M.-22Cetewayo22-Tabor-Gruppen-9-400x400.jpeg 400w, https:\/\/www.revuegruppen.com\/gruppen\/wp-content\/uploads\/2014\/06\/M.-22Cetewayo22-Tabor-Gruppen-9-800x800.jpeg 800w, https:\/\/www.revuegruppen.com\/gruppen\/wp-content\/uploads\/2014\/06\/M.-22Cetewayo22-Tabor-Gruppen-9-100x100.jpeg 100w\" sizes=\"auto, (max-width: 200px) 100vw, 200px\" \/><\/a>\n\t\t\t<\/div><\/figure><figure class='gallery-item'>\n\t\t\t<div class='gallery-icon landscape'>\n\t\t\t\t<a href='https:\/\/www.revuegruppen.com\/gruppen\/wp-content\/uploads\/2014\/06\/AROM1.jpeg'><img loading=\"lazy\" decoding=\"async\" width=\"200\" height=\"200\" src=\"https:\/\/www.revuegruppen.com\/gruppen\/wp-content\/uploads\/2014\/06\/AROM1-200x200.jpeg\" class=\"attachment-thumbnail size-thumbnail\" alt=\"\" srcset=\"https:\/\/www.revuegruppen.com\/gruppen\/wp-content\/uploads\/2014\/06\/AROM1-200x200.jpeg 200w, https:\/\/www.revuegruppen.com\/gruppen\/wp-content\/uploads\/2014\/06\/AROM1-100x100.jpeg 100w\" sizes=\"auto, (max-width: 200px) 100vw, 200px\" \/><\/a>\n\t\t\t<\/div><\/figure><figure class='gallery-item'>\n\t\t\t<div class='gallery-icon landscape'>\n\t\t\t\t<a href='https:\/\/www.revuegruppen.com\/gruppen\/wp-content\/uploads\/2014\/06\/Ester-Vonplon-Gruppen-9.jpeg'><img loading=\"lazy\" decoding=\"async\" width=\"200\" height=\"200\" src=\"https:\/\/www.revuegruppen.com\/gruppen\/wp-content\/uploads\/2014\/06\/Ester-Vonplon-Gruppen-9-200x200.jpeg\" class=\"attachment-thumbnail size-thumbnail\" alt=\"\" srcset=\"https:\/\/www.revuegruppen.com\/gruppen\/wp-content\/uploads\/2014\/06\/Ester-Vonplon-Gruppen-9-200x200.jpeg 200w, https:\/\/www.revuegruppen.com\/gruppen\/wp-content\/uploads\/2014\/06\/Ester-Vonplon-Gruppen-9-400x400.jpeg 400w, https:\/\/www.revuegruppen.com\/gruppen\/wp-content\/uploads\/2014\/06\/Ester-Vonplon-Gruppen-9-800x800.jpeg 800w, https:\/\/www.revuegruppen.com\/gruppen\/wp-content\/uploads\/2014\/06\/Ester-Vonplon-Gruppen-9-100x100.jpeg 100w\" sizes=\"auto, (max-width: 200px) 100vw, 200px\" \/><\/a>\n\t\t\t<\/div><\/figure><figure class='gallery-item'>\n\t\t\t<div class='gallery-icon landscape'>\n\t\t\t\t<a href='https:\/\/www.revuegruppen.com\/gruppen\/wp-content\/uploads\/2014\/06\/BESSE3.jpeg'><img loading=\"lazy\" decoding=\"async\" width=\"200\" height=\"200\" src=\"https:\/\/www.revuegruppen.com\/gruppen\/wp-content\/uploads\/2014\/06\/BESSE3-200x200.jpeg\" class=\"attachment-thumbnail size-thumbnail\" alt=\"\" srcset=\"https:\/\/www.revuegruppen.com\/gruppen\/wp-content\/uploads\/2014\/06\/BESSE3-200x200.jpeg 200w, https:\/\/www.revuegruppen.com\/gruppen\/wp-content\/uploads\/2014\/06\/BESSE3-100x100.jpeg 100w\" sizes=\"auto, (max-width: 200px) 100vw, 200px\" \/><\/a>\n\t\t\t<\/div><\/figure><figure class='gallery-item'>\n\t\t\t<div class='gallery-icon landscape'>\n\t\t\t\t<a href='https:\/\/www.revuegruppen.com\/gruppen\/wp-content\/uploads\/2014\/06\/ESTER5.jpeg'><img loading=\"lazy\" decoding=\"async\" width=\"200\" height=\"200\" src=\"https:\/\/www.revuegruppen.com\/gruppen\/wp-content\/uploads\/2014\/06\/ESTER5-200x200.jpeg\" class=\"attachment-thumbnail size-thumbnail\" alt=\"\" srcset=\"https:\/\/www.revuegruppen.com\/gruppen\/wp-content\/uploads\/2014\/06\/ESTER5-200x200.jpeg 200w, https:\/\/www.revuegruppen.com\/gruppen\/wp-content\/uploads\/2014\/06\/ESTER5-100x100.jpeg 100w\" sizes=\"auto, (max-width: 200px) 100vw, 200px\" \/><\/a>\n\t\t\t<\/div><\/figure>\n\t\t<\/div>\n\n","protected":false},"excerpt":{"rendered":"<p style=\"text-align: justify;\">&#8230; avec en vrac : Simha Arom et les Pygm\u00e9es &#8211; Ryan Trecartin &#8211; une louche de g\u00e9ographie psychique &#8211; la photographe Ester Vonplon &#8211; pas mal de xylophone &#8211; un poil de Ligeti &#8211; du Charles Pennequin et du lourd &#8211; une pinc\u00e9e de Marx\/Engels &#8211; Miss Djeck, l\u2019\u00e9l\u00e9phante-star assassin\u00e9e &#8211; drogue et Capital VS BLACK PANTHER &#8211; Bergson &amp; Bergson &#8211; le cin\u00e9ma des \u00ab\u00a0sales\u00a0\u00bb &#8211; un zeste de Serge Pey &#8211; et l\u2019obst\u00e9trique du Jarfer.<\/p>\n","protected":false},"featured_media":8531,"template":"","meta":[],"product_brand":[],"product_cat":[66,67],"product_tag":[648,547,32,649,650,33,34,651,652,653,654,655,615,656,657,658,41,659,660,48,49,661,50,641,662,535,552,60,61,663,664,665,666,538,539,571,65],"class_list":{"0":"post-7873","1":"product","2":"type-product","3":"status-publish","4":"has-post-thumbnail","6":"tagmedia-gruppen-9","7":"product_cat-catalogue","8":"product_cat-revue","9":"product_tag-art","10":"product_tag-bergson","11":"product_tag-bernard-bourrit","12":"product_tag-black-panther","13":"product_tag-capitalisme","14":"product_tag-charles-pennequin","15":"product_tag-cinema","16":"product_tag-drogue","17":"product_tag-engels","18":"product_tag-ester-vonplon","19":"product_tag-ethnomusicologie","20":"product_tag-exozomes","21":"product_tag-gabriel-conde","22":"product_tag-galerie-vu","23":"product_tag-genocide","24":"product_tag-geographie","25":"product_tag-gruppen-editions","26":"product_tag-gruppen-n9","27":"product_tag-jean-marc-besse","28":"product_tag-laurence-gatti","29":"product_tag-laurent-jarfer","30":"product_tag-ligeti","31":"product_tag-litterature","32":"product_tag-marx","33":"product_tag-michael-cetewayo-tabor","34":"product_tag-photographie","35":"product_tag-pierre-ulysse-barranque","36":"product_tag-poesie","37":"product_tag-politique","38":"product_tag-psychogeographie","39":"product_tag-pygmees","40":"product_tag-revue-gruppen-n9","41":"product_tag-ryan-trecartin","42":"product_tag-sebastien-miravete","43":"product_tag-serge-pey","44":"product_tag-simha-arom","45":"product_tag-yann-beauvais","46":"product_shipping_class-entre-250-et-500g","47":"pa_date-de-parution-9-juin-2014","48":"pa_isbn-978-2-919103-11-9","49":"pa_nombre-de-pages-176-pages","51":"first","52":"instock","53":"shipping-taxable","54":"purchasable","55":"product-type-simple"},"_links":{"self":[{"href":"https:\/\/www.revuegruppen.com\/gruppen\/wp-json\/wp\/v2\/product\/7873","targetHints":{"allow":["GET"]}}],"collection":[{"href":"https:\/\/www.revuegruppen.com\/gruppen\/wp-json\/wp\/v2\/product"}],"about":[{"href":"https:\/\/www.revuegruppen.com\/gruppen\/wp-json\/wp\/v2\/types\/product"}],"wp:featuredmedia":[{"embeddable":true,"href":"https:\/\/www.revuegruppen.com\/gruppen\/wp-json\/wp\/v2\/media\/8531"}],"wp:attachment":[{"href":"https:\/\/www.revuegruppen.com\/gruppen\/wp-json\/wp\/v2\/media?parent=7873"}],"wp:term":[{"taxonomy":"product_brand","embeddable":true,"href":"https:\/\/www.revuegruppen.com\/gruppen\/wp-json\/wp\/v2\/product_brand?post=7873"},{"taxonomy":"product_cat","embeddable":true,"href":"https:\/\/www.revuegruppen.com\/gruppen\/wp-json\/wp\/v2\/product_cat?post=7873"},{"taxonomy":"product_tag","embeddable":true,"href":"https:\/\/www.revuegruppen.com\/gruppen\/wp-json\/wp\/v2\/product_tag?post=7873"}],"curies":[{"name":"wp","href":"https:\/\/api.w.org\/{rel}","templated":true}]}}