{"id":7751,"date":"2013-01-02T16:20:11","date_gmt":"2013-01-02T15:20:11","guid":{"rendered":"http:\/\/www.revuegruppen.com\/gruppen2018\/?post_type=product&#038;p=7751"},"modified":"2024-04-12T17:32:18","modified_gmt":"2024-04-12T15:32:18","slug":"gruppen-n6","status":"publish","type":"product","link":"https:\/\/www.revuegruppen.com\/gruppen\/produit\/gruppen-n6\/","title":{"rendered":"Gruppen n\u00b06"},"content":{"rendered":"<p style=\"text-align: justify;\"><strong>Entrevue<\/strong><br \/>\navec\u00a0MICHA\u00cbL L\u00c9VINAS\u00a0(musique contemporaine)<\/p>\n<p style=\"text-align: justify;\"><b>Po\u00e9sie<\/b><br \/>\nCHARLES PENNEQUIN\u00a0<em>\u2013<\/em><em>\u00a0Putain de lecteur (ouverture) \/\u00a0<\/em><em>Le sentiment.<br \/>\n<\/em>SERGE PEY<span class=\"Apple-converted-space\">\u00a0<\/span><em>\u2013<\/em><em>\u00a0Priez pour les Pussy Riot.<br \/>\n<\/em>LAURENT JARFER\u00a0<em>\u2013\u00a0Le babil du b\u00e9b\u00e9 froid.<\/em><\/p>\n<p style=\"text-align: justify;\"><span class=\"Apple-style-span\"><b>Musique<\/b><\/span><br \/>\n<span class=\"Apple-style-span\">ILAN KADDOUCH<\/span><em>\u00a0<\/em><span class=\"Apple-style-span\"><em>\u2013 Fausto Romitelli : le r\u00e9el signifi\u00e9.<\/em> <\/span><br \/>\nL\u2019heure n\u2019est plus \u00e0 la recherche de nouveaux syst\u00e8mes mais \u00e0 la recherche d&rsquo;une communication efficace. Le compositeur Fausto Romitelli travaille \u00e0 ce que sa composition soit charg\u00e9e de signification, une signification qui proc\u00e8de d\u2019une repr\u00e9sentation du r\u00e9el violent et difforme.<\/p>\n<p style=\"text-align: justify;\"><span class=\"Apple-style-span\"><b>Cin\u00e9ma<\/b><\/span><span class=\"Apple-style-span\"><br \/>\nYANN BEAUVAIS<\/span>\u00a0<em>\u2013 Montrer ce qu&rsquo;on ne voit pas : Su Friedrich et le cin\u00e9ma.<\/em><br \/>\nPr\u00e9sentation de l&rsquo;\u0153uvre de Su Friedrich qui au d\u00e9but des ann\u00e9es 80, renouvelle l&rsquo;usage et les formes du \u00ab\u00a0personal cinema\u00a0\u00bb en questionnant le genre, la sexualit\u00e9, le r\u00e9cit, et en transformant le rapport entre public et priv\u00e9.<\/p>\n<p style=\"text-align: justify;\"><span class=\"Apple-style-span\" style=\"color: #333333;\"><b>Dessins\u00a0<\/b><\/span><br \/>\nDAN PERJOVSCHI<\/p>\n<p style=\"text-align: justify;\"><span class=\"Apple-style-span\"><b>Performance<\/b><\/span><br \/>\nBARTOLOME FERRANDO<em>\u00a0<\/em><em>\u2013<\/em><em>\u00a0Quelques r\u00e9fl\u00e9xion sur l&rsquo;art-action.<\/em><\/p>\n<p style=\"text-align: justify;\"><span class=\"Apple-style-span\"><b>Histoire<\/b><\/span><br \/>\nROSA PIRO\u00a0<em>\u2013\u00a0Pour une cartographie de l&rsquo;\u00e2me : la physiognomonie dans une traduction italienne m\u00e9di\u00e9vale.<\/em><br \/>\nLa lecture du visage pour d\u00e9couvrir l&rsquo;\u00e2me: la physiognomonie au Moyen-\u00c2ge.<\/p>\n<p style=\"text-align: justify;\"><b><span class=\"Apple-style-span\" style=\"color: #333333;\">Philosophie\u00a0\u00a0<\/span><\/b><span class=\"Apple-style-span\" style=\"color: #333333;\"><br \/>\nGABRIEL COND\u00c9<\/span><span class=\"Apple-style-span\"><em>\u00a0<\/em><\/span><span class=\"Apple-style-span\"><em>\u2013\u00a0Proletkult. D\u00e9passer l&rsquo;avant-garde.<\/em><\/span><br \/>\nDans cet article nous \u00e9tudierons les formes et les enjeux d&rsquo;une politisation de l&rsquo;art telle qu&rsquo;elle eut lieu dans ce grand mouvement politique et culturel que le Proletkult repr\u00e9senta en Russie entre 1917 et 1921. Nous essaierons alors de montrer comment sont \u00e0 l&rsquo;\u0153uvre dans ce dernier les conditions (particuli\u00e8rement rares) n\u00e9cessaires \u00e0 un d\u00e9passement d&rsquo;une certaine logique politique de l&rsquo;avant-garde artistique r\u00e9volutionnaire.<\/p>\n<p style=\"text-align: justify;\"><span class=\"Apple-style-span\" style=\"color: #333333;\"><span class=\"Apple-style-span\">P-U BARRANQUE<\/span>\u00a0<\/span><em>\u2013<\/em>\u00a0<span class=\"Apple-style-span\"><em>La spatialit\u00e9 de l&rsquo;\u00c9tat : remarques sur l&rsquo;origine de l&rsquo;\u00c9tat en g\u00e9n\u00e9ral et sur l&rsquo;effondrement de l&rsquo;\u00c9tat sovi\u00e9tique en particulier.<\/em><\/span><br \/>\nEn retra\u00e7ant la g\u00e9nalogie de la forme-\u00c9tat depuis ses origines, et en analysant la disparition concr\u00e8te de l&rsquo;\u00c9tat sovi\u00e9tique, il s&rsquo;agira pour nous de questionner le fondement spatial du pouvoir \u00e9tatique, celui d&rsquo;hier comme celui d&rsquo;aujourd&rsquo;hui.<\/p>\n<p style=\"text-align: justify;\">SEBASTIEN MIRAVETE<span class=\"Apple-style-span\" style=\"font-family: 'times new roman', times, serif;\"><span class=\"Apple-style-span\">\u00a0<\/span><\/span><span class=\"Apple-style-span\" style=\"font-family: 'times new roman', times, serif;\"><em>\u2013<\/em>\u00a0<em>Le philosophe et le p\u00e9dagogue: Henri Bergson et Robert<span style=\"font-family: 'times new roman', times, serif;\">\u00a0<\/span>Kaddouch.<\/em><\/span><br \/>\nBergson, Kaddouch, un philosophe, un p\u00e9dagogue, un si\u00e8cle les s\u00e9pare, ils ne se connaissent en rien, et pourtant, pour l&rsquo;un comme pour l&rsquo;autre, l&rsquo;objectif de l&rsquo;\u00e9ducation est le m\u00eame : favoriser la rencontre. Qu&rsquo;est-ce que cela signifie ?<\/p>\n<p style=\"text-align: justify;\"><b>Les Mots de Bonnefoy<\/b><br \/>\nMots Crois\u00e9s de BERNARD BONNEFOY<\/p>\n<p style=\"text-align: justify;\"><strong>Illustrations<\/strong><br \/>\nLAURENCE GATTI<\/p>\n<div id='gallery-1' class='gallery galleryid-7751 gallery-columns-7 gallery-size-thumbnail'><figure class='gallery-item'>\n\t\t\t<div class='gallery-icon landscape'>\n\t\t\t\t<a href='https:\/\/www.revuegruppen.com\/gruppen\/wp-content\/uploads\/2013\/01\/P2.jpeg'><img loading=\"lazy\" decoding=\"async\" width=\"200\" height=\"200\" src=\"https:\/\/www.revuegruppen.com\/gruppen\/wp-content\/uploads\/2013\/01\/P2-200x200.jpeg\" class=\"attachment-thumbnail size-thumbnail\" alt=\"\" srcset=\"https:\/\/www.revuegruppen.com\/gruppen\/wp-content\/uploads\/2013\/01\/P2-200x200.jpeg 200w, https:\/\/www.revuegruppen.com\/gruppen\/wp-content\/uploads\/2013\/01\/P2-400x400.jpeg 400w, https:\/\/www.revuegruppen.com\/gruppen\/wp-content\/uploads\/2013\/01\/P2-100x100.jpeg 100w\" sizes=\"auto, (max-width: 200px) 100vw, 200px\" \/><\/a>\n\t\t\t<\/div><\/figure><figure class='gallery-item'>\n\t\t\t<div class='gallery-icon landscape'>\n\t\t\t\t<a href='https:\/\/www.revuegruppen.com\/gruppen\/wp-content\/uploads\/2013\/01\/P0.jpeg'><img loading=\"lazy\" decoding=\"async\" width=\"200\" height=\"200\" src=\"https:\/\/www.revuegruppen.com\/gruppen\/wp-content\/uploads\/2013\/01\/P0-200x200.jpeg\" class=\"attachment-thumbnail size-thumbnail\" alt=\"\" srcset=\"https:\/\/www.revuegruppen.com\/gruppen\/wp-content\/uploads\/2013\/01\/P0-200x200.jpeg 200w, https:\/\/www.revuegruppen.com\/gruppen\/wp-content\/uploads\/2013\/01\/P0-400x400.jpeg 400w, https:\/\/www.revuegruppen.com\/gruppen\/wp-content\/uploads\/2013\/01\/P0-100x100.jpeg 100w\" sizes=\"auto, (max-width: 200px) 100vw, 200px\" \/><\/a>\n\t\t\t<\/div><\/figure><figure class='gallery-item'>\n\t\t\t<div class='gallery-icon landscape'>\n\t\t\t\t<a href='https:\/\/www.revuegruppen.com\/gruppen\/wp-content\/uploads\/2013\/01\/P3.jpeg'><img loading=\"lazy\" decoding=\"async\" width=\"200\" height=\"200\" src=\"https:\/\/www.revuegruppen.com\/gruppen\/wp-content\/uploads\/2013\/01\/P3-200x200.jpeg\" class=\"attachment-thumbnail size-thumbnail\" alt=\"\" srcset=\"https:\/\/www.revuegruppen.com\/gruppen\/wp-content\/uploads\/2013\/01\/P3-200x200.jpeg 200w, https:\/\/www.revuegruppen.com\/gruppen\/wp-content\/uploads\/2013\/01\/P3-400x400.jpeg 400w, https:\/\/www.revuegruppen.com\/gruppen\/wp-content\/uploads\/2013\/01\/P3-100x100.jpeg 100w\" sizes=\"auto, (max-width: 200px) 100vw, 200px\" \/><\/a>\n\t\t\t<\/div><\/figure><figure class='gallery-item'>\n\t\t\t<div class='gallery-icon landscape'>\n\t\t\t\t<a href='https:\/\/www.revuegruppen.com\/gruppen\/wp-content\/uploads\/2013\/01\/P4.jpeg'><img loading=\"lazy\" decoding=\"async\" width=\"200\" height=\"200\" src=\"https:\/\/www.revuegruppen.com\/gruppen\/wp-content\/uploads\/2013\/01\/P4-200x200.jpeg\" class=\"attachment-thumbnail size-thumbnail\" alt=\"\" srcset=\"https:\/\/www.revuegruppen.com\/gruppen\/wp-content\/uploads\/2013\/01\/P4-200x200.jpeg 200w, https:\/\/www.revuegruppen.com\/gruppen\/wp-content\/uploads\/2013\/01\/P4-400x400.jpeg 400w, https:\/\/www.revuegruppen.com\/gruppen\/wp-content\/uploads\/2013\/01\/P4-100x100.jpeg 100w\" sizes=\"auto, (max-width: 200px) 100vw, 200px\" \/><\/a>\n\t\t\t<\/div><\/figure><figure class='gallery-item'>\n\t\t\t<div class='gallery-icon landscape'>\n\t\t\t\t<a href='https:\/\/www.revuegruppen.com\/gruppen\/wp-content\/uploads\/2013\/01\/P6.jpeg'><img loading=\"lazy\" decoding=\"async\" width=\"200\" height=\"200\" src=\"https:\/\/www.revuegruppen.com\/gruppen\/wp-content\/uploads\/2013\/01\/P6-200x200.jpeg\" class=\"attachment-thumbnail size-thumbnail\" alt=\"\" srcset=\"https:\/\/www.revuegruppen.com\/gruppen\/wp-content\/uploads\/2013\/01\/P6-200x200.jpeg 200w, https:\/\/www.revuegruppen.com\/gruppen\/wp-content\/uploads\/2013\/01\/P6-400x400.jpeg 400w, https:\/\/www.revuegruppen.com\/gruppen\/wp-content\/uploads\/2013\/01\/P6-100x100.jpeg 100w\" sizes=\"auto, (max-width: 200px) 100vw, 200px\" \/><\/a>\n\t\t\t<\/div><\/figure><figure class='gallery-item'>\n\t\t\t<div class='gallery-icon landscape'>\n\t\t\t\t<a href='https:\/\/www.revuegruppen.com\/gruppen\/wp-content\/uploads\/2013\/01\/PL1.jpeg'><img loading=\"lazy\" decoding=\"async\" width=\"200\" height=\"200\" src=\"https:\/\/www.revuegruppen.com\/gruppen\/wp-content\/uploads\/2013\/01\/PL1-200x200.jpeg\" class=\"attachment-thumbnail size-thumbnail\" alt=\"\" srcset=\"https:\/\/www.revuegruppen.com\/gruppen\/wp-content\/uploads\/2013\/01\/PL1-200x200.jpeg 200w, https:\/\/www.revuegruppen.com\/gruppen\/wp-content\/uploads\/2013\/01\/PL1-400x400.jpeg 400w, https:\/\/www.revuegruppen.com\/gruppen\/wp-content\/uploads\/2013\/01\/PL1-800x800.jpeg 800w, https:\/\/www.revuegruppen.com\/gruppen\/wp-content\/uploads\/2013\/01\/PL1-100x100.jpeg 100w\" sizes=\"auto, (max-width: 200px) 100vw, 200px\" \/><\/a>\n\t\t\t<\/div><\/figure>\n\t\t<\/div>\n\n","protected":false},"excerpt":{"rendered":"<p style=\"text-align: justify;\">Gruppen accueille l&rsquo;artiste roumain Dan Perjovschi, dont les \u0153uvres furent notamment expos\u00e9es au MOMA de New-York, ainsi qu&rsquo;\u00e0 la Tate Modern de Londres. Du 11 novembre 2012 au 20 janvier 2013, le Centre de Cr\u00e9ation Contemporaine de Tours lui consacre <em>A Transparent Retrospective<\/em>. Gruppen vous offre pour sa part une s\u00e9lection de dessins qui, \u00e0 ce jour, retrace le parcours d&rsquo;un artiste m\u00ealant dessin, performance et critique sociale. Gruppen publie une Entrevue dans chacun de ses num\u00e9ros. Nous sommes heureux de pouvoir vous pr\u00e9senter ici une rencontre des plus rares avec le compositeur Micha\u00ebl Levinas. Une occasion de revenir sur le parcours et les pr\u00e9occupations de celui qui fut notamment l&rsquo;un des fondateurs de l&rsquo;\u00e9cole spectrale. Pour d\u00e9fendre la po\u00e9sie, aux c\u00f4t\u00e9s de Serge Pey et Laurent Jarfer qui pr\u00e9sentent leurs derniers travaux, deux textes de Charles Pennequin, dont une adresse au lecteur, tr\u00e8s mignonne, en ouverture de la revue. Bartolome Ferrando, po\u00e8te et performer espagnol, nous livre quant \u00e0 lui <em>Quelques r\u00e9flexions sur l&rsquo;art-action<\/em>. Yann Beauvais, cin\u00e9aste et co-fondateur de Light Cone, poursuivra son travail de mise en lumi\u00e8re de quelques p\u00e9pites du cin\u00e9ma exp\u00e9rimental. Apr\u00e8s Mark Morrisroe et Harry Smith, il nous invite \u00e0 d\u00e9couvrir le travail de la cin\u00e9aste am\u00e9ricaine Su Friedrich, auteure notamment du magnifique <em>Sink or Swim<\/em>. Fausto Romitelli&#8230; Ce nom ne vous dit peut-\u00eatre rien, et pourtant il s&rsquo;agit d&rsquo;un des plus grands compositeurs du XXe si\u00e8cle, un artiste qui r\u00e9volutionna, dans les ann\u00e9es 1990, la musique contemporaine. Ilan Kaddouch, pianiste et compositeur, participe \u00e0 r\u00e9parer cette injustice en r\u00e9v\u00e9lant aux non-initi\u00e9s les talents de celui qui composa, entre autres, <em>Professor Bad Trip<\/em> et <em>An index of Metals<\/em>. Concernant la philosophie, nous accueillons Gabriel Cond\u00e9, sp\u00e9cialiste de philosophie politique et de philosophie de l&rsquo;art, qui signe dans ce num\u00e9ro un article intitul\u00e9 <em>Proletkult. D\u00e9passer l&rsquo;avant-garde<\/em>. \u00c0 ses c\u00f4t\u00e9s : S\u00e9bastien Mirav\u00e8te et Pierre-Ulysse Barranque. D&rsquo;autre part, certains de nos anc\u00eatres ayant consid\u00e9r\u00e9 que la lecture du visage pouvait r\u00e9v\u00e9ler l&rsquo;\u00e2me humaine, nous accueillons aussi la m\u00e9di\u00e9viste Rosa Piro <em>Pour une cartographie de l\u2019\u00e2me : la physiognomonie dans une traduction italienne m\u00e9di\u00e9vale<\/em>. Enfin, rappelons que tout ceci ne pourrait prendre corps, s&rsquo;agissant de la mise en page, du graphisme, ou des illustrations qui accompagnent les textes, sans le travail de notre pr\u00e9cieuse et talentueuse Laurence Gatti, graphiste et animatrice, qui est \u00e0 l&rsquo;art de l&rsquo;\u00e9dition ce que le couteau suisse est au canif.<\/p>\n","protected":false},"featured_media":8558,"template":"","meta":[],"product_brand":[],"product_cat":[66,67],"product_tag":[513,33,614,615,616,42,48,49,566,552,617,618,538,539,65],"class_list":{"0":"post-7751","1":"product","2":"type-product","3":"status-publish","4":"has-post-thumbnail","6":"tagmedia-gruppen-6","7":"product_cat-catalogue","8":"product_cat-revue","9":"product_tag-bartolome-ferrando","10":"product_tag-charles-pennequin","11":"product_tag-dan-perjovschi","12":"product_tag-gabriel-conde","13":"product_tag-gruppen-n6","14":"product_tag-ilan-kaddouch","15":"product_tag-laurence-gatti","16":"product_tag-laurent-jarfer","17":"product_tag-michael-levinas","18":"product_tag-pierre-ulysse-barranque","19":"product_tag-revue-gruppen-n6","20":"product_tag-rosa-piro","21":"product_tag-sebastien-miravete","22":"product_tag-serge-pey","23":"product_tag-yann-beauvais","24":"product_shipping_class-entre-250-et-500g","25":"pa_auteur-collectif","26":"pa_date-de-parution-14-janvier-2013","27":"pa_isbn-978-2-919103-06-5","28":"pa_nombre-de-pages-176-pages","30":"first","31":"instock","32":"shipping-taxable","33":"purchasable","34":"product-type-simple"},"_links":{"self":[{"href":"https:\/\/www.revuegruppen.com\/gruppen\/wp-json\/wp\/v2\/product\/7751","targetHints":{"allow":["GET"]}}],"collection":[{"href":"https:\/\/www.revuegruppen.com\/gruppen\/wp-json\/wp\/v2\/product"}],"about":[{"href":"https:\/\/www.revuegruppen.com\/gruppen\/wp-json\/wp\/v2\/types\/product"}],"wp:featuredmedia":[{"embeddable":true,"href":"https:\/\/www.revuegruppen.com\/gruppen\/wp-json\/wp\/v2\/media\/8558"}],"wp:attachment":[{"href":"https:\/\/www.revuegruppen.com\/gruppen\/wp-json\/wp\/v2\/media?parent=7751"}],"wp:term":[{"taxonomy":"product_brand","embeddable":true,"href":"https:\/\/www.revuegruppen.com\/gruppen\/wp-json\/wp\/v2\/product_brand?post=7751"},{"taxonomy":"product_cat","embeddable":true,"href":"https:\/\/www.revuegruppen.com\/gruppen\/wp-json\/wp\/v2\/product_cat?post=7751"},{"taxonomy":"product_tag","embeddable":true,"href":"https:\/\/www.revuegruppen.com\/gruppen\/wp-json\/wp\/v2\/product_tag?post=7751"}],"curies":[{"name":"wp","href":"https:\/\/api.w.org\/{rel}","templated":true}]}}