{"id":7447,"date":"2013-04-01T12:32:11","date_gmt":"2013-04-01T10:32:11","guid":{"rendered":"http:\/\/www.revuegruppen.com\/gruppen2018\/?post_type=product&#038;p=7447"},"modified":"2024-04-12T17:14:03","modified_gmt":"2024-04-12T15:14:03","slug":"in-situs","status":"publish","type":"product","link":"https:\/\/www.revuegruppen.com\/gruppen\/produit\/in-situs\/","title":{"rendered":"In situs"},"content":{"rendered":"<table style=\"border-collapse: collapse; width: 100%;\">\n<tbody>\n<tr>\n<td style=\"width: 32.8838%; vertical-align: top; text-align: right;\"><strong><span lang=\"FR\">Keith Sanborn<\/span><\/strong><span lang=\"FR\"><br \/>\nArt, th\u00e9orie, praxis :<br \/>\npraxis synth\u00e9tique post-th\u00e9orique\u00a0<\/span><span lang=\"FR\"><br \/>\n<span style=\"font-size: 10pt;\">(traduit de l\u2019anglais [\u00c9tats-Unis] par Pauline Boireau)<\/span><br \/>\n<\/span><span lang=\"FR\"><strong><br \/>\nYann Beauvais\u00a0<\/strong><br \/>\nFilms sous influences<br \/>\n<\/span><span lang=\"FR\"><strong><br \/>\nMorgan Sport\u00e8s\u00a0<\/strong><br \/>\nObituaire<\/span><span lang=\"FR\"><br \/>\n<\/span><\/td>\n<td style=\"width: 28.1813%; text-align: center; vertical-align: middle;\"><span lang=\"FR\">Entretien<\/span><strong><span lang=\"FR\"><br \/>\n<\/span><\/strong><span lang=\"FR\">avec<\/span><strong><span lang=\"FR\"><br \/>\nRaoul Vaneigem<\/span><\/strong><\/td>\n<td style=\"width: 38.935%; text-align: left; vertical-align: top;\"><span lang=\"FR\"><strong>Laurent Jarfer\u00a0<\/strong><br \/>\nMessages du mois de mars 2013,<br \/>\nenvoy\u00e9s \u00e0 Guy Debord depuis la Zone Occup\u00e9e.<br \/>\n<\/span><span lang=\"FR\"><strong><br \/>\nPierre-Ulysse Barranque\u00a0<\/strong><br \/>\nDe la \u00ab s\u00e9paration \u00bb au \u00ab spectacle \u00bb,<br \/>\nGuy Debord et l\u2019ali\u00e9nation sociale.<br \/>\n<\/span><span lang=\"FR\"><strong><br \/>\nPatrick Marcolini\u00a0<\/strong><br \/>\nDe la r\u00e9volution comme spectacle<\/span><\/td>\n<\/tr>\n<\/tbody>\n<\/table>\n<div id='gallery-1' class='gallery galleryid-7447 gallery-columns-7 gallery-size-thumbnail'><figure class='gallery-item'>\n\t\t\t<div class='gallery-icon landscape'>\n\t\t\t\t<a href='https:\/\/www.revuegruppen.com\/gruppen\/wp-content\/uploads\/2013\/04\/P1030866.jpeg'><img loading=\"lazy\" decoding=\"async\" width=\"200\" height=\"200\" src=\"https:\/\/www.revuegruppen.com\/gruppen\/wp-content\/uploads\/2013\/04\/P1030866-200x200.jpeg\" class=\"attachment-thumbnail size-thumbnail\" alt=\"\" srcset=\"https:\/\/www.revuegruppen.com\/gruppen\/wp-content\/uploads\/2013\/04\/P1030866-200x200.jpeg 200w, https:\/\/www.revuegruppen.com\/gruppen\/wp-content\/uploads\/2013\/04\/P1030866-100x100.jpeg 100w, https:\/\/www.revuegruppen.com\/gruppen\/wp-content\/uploads\/2013\/04\/P1030866-400x400.jpeg 400w, https:\/\/www.revuegruppen.com\/gruppen\/wp-content\/uploads\/2013\/04\/P1030866-800x800.jpeg 800w\" sizes=\"auto, (max-width: 200px) 100vw, 200px\" \/><\/a>\n\t\t\t<\/div><\/figure><figure class='gallery-item'>\n\t\t\t<div class='gallery-icon landscape'>\n\t\t\t\t<a href='https:\/\/www.revuegruppen.com\/gruppen\/wp-content\/uploads\/2013\/04\/P1030851.jpeg'><img loading=\"lazy\" decoding=\"async\" width=\"200\" height=\"200\" src=\"https:\/\/www.revuegruppen.com\/gruppen\/wp-content\/uploads\/2013\/04\/P1030851-200x200.jpeg\" class=\"attachment-thumbnail size-thumbnail\" alt=\"\" srcset=\"https:\/\/www.revuegruppen.com\/gruppen\/wp-content\/uploads\/2013\/04\/P1030851-200x200.jpeg 200w, https:\/\/www.revuegruppen.com\/gruppen\/wp-content\/uploads\/2013\/04\/P1030851-400x400.jpeg 400w, https:\/\/www.revuegruppen.com\/gruppen\/wp-content\/uploads\/2013\/04\/P1030851-800x800.jpeg 800w, https:\/\/www.revuegruppen.com\/gruppen\/wp-content\/uploads\/2013\/04\/P1030851-100x100.jpeg 100w\" sizes=\"auto, (max-width: 200px) 100vw, 200px\" \/><\/a>\n\t\t\t<\/div><\/figure><figure class='gallery-item'>\n\t\t\t<div class='gallery-icon landscape'>\n\t\t\t\t<a href='https:\/\/www.revuegruppen.com\/gruppen\/wp-content\/uploads\/2013\/04\/P1030855.jpeg'><img loading=\"lazy\" decoding=\"async\" width=\"200\" height=\"200\" src=\"https:\/\/www.revuegruppen.com\/gruppen\/wp-content\/uploads\/2013\/04\/P1030855-200x200.jpeg\" class=\"attachment-thumbnail size-thumbnail\" alt=\"\" srcset=\"https:\/\/www.revuegruppen.com\/gruppen\/wp-content\/uploads\/2013\/04\/P1030855-200x200.jpeg 200w, https:\/\/www.revuegruppen.com\/gruppen\/wp-content\/uploads\/2013\/04\/P1030855-400x400.jpeg 400w, https:\/\/www.revuegruppen.com\/gruppen\/wp-content\/uploads\/2013\/04\/P1030855-800x800.jpeg 800w, https:\/\/www.revuegruppen.com\/gruppen\/wp-content\/uploads\/2013\/04\/P1030855-100x100.jpeg 100w\" sizes=\"auto, (max-width: 200px) 100vw, 200px\" \/><\/a>\n\t\t\t<\/div><\/figure><figure class='gallery-item'>\n\t\t\t<div class='gallery-icon landscape'>\n\t\t\t\t<a href='https:\/\/www.revuegruppen.com\/gruppen\/wp-content\/uploads\/2013\/04\/P1030857.jpeg'><img loading=\"lazy\" decoding=\"async\" width=\"200\" height=\"200\" src=\"https:\/\/www.revuegruppen.com\/gruppen\/wp-content\/uploads\/2013\/04\/P1030857-200x200.jpeg\" class=\"attachment-thumbnail size-thumbnail\" alt=\"\" srcset=\"https:\/\/www.revuegruppen.com\/gruppen\/wp-content\/uploads\/2013\/04\/P1030857-200x200.jpeg 200w, https:\/\/www.revuegruppen.com\/gruppen\/wp-content\/uploads\/2013\/04\/P1030857-400x400.jpeg 400w, https:\/\/www.revuegruppen.com\/gruppen\/wp-content\/uploads\/2013\/04\/P1030857-800x800.jpeg 800w, https:\/\/www.revuegruppen.com\/gruppen\/wp-content\/uploads\/2013\/04\/P1030857-100x100.jpeg 100w\" sizes=\"auto, (max-width: 200px) 100vw, 200px\" \/><\/a>\n\t\t\t<\/div><\/figure><figure class='gallery-item'>\n\t\t\t<div class='gallery-icon landscape'>\n\t\t\t\t<a href='https:\/\/www.revuegruppen.com\/gruppen\/wp-content\/uploads\/2013\/04\/P1030859.jpeg'><img loading=\"lazy\" decoding=\"async\" width=\"200\" height=\"200\" src=\"https:\/\/www.revuegruppen.com\/gruppen\/wp-content\/uploads\/2013\/04\/P1030859-200x200.jpeg\" class=\"attachment-thumbnail size-thumbnail\" alt=\"\" srcset=\"https:\/\/www.revuegruppen.com\/gruppen\/wp-content\/uploads\/2013\/04\/P1030859-200x200.jpeg 200w, https:\/\/www.revuegruppen.com\/gruppen\/wp-content\/uploads\/2013\/04\/P1030859-400x400.jpeg 400w, https:\/\/www.revuegruppen.com\/gruppen\/wp-content\/uploads\/2013\/04\/P1030859-800x800.jpeg 800w, https:\/\/www.revuegruppen.com\/gruppen\/wp-content\/uploads\/2013\/04\/P1030859-100x100.jpeg 100w\" sizes=\"auto, (max-width: 200px) 100vw, 200px\" \/><\/a>\n\t\t\t<\/div><\/figure><figure class='gallery-item'>\n\t\t\t<div class='gallery-icon landscape'>\n\t\t\t\t<a href='https:\/\/www.revuegruppen.com\/gruppen\/wp-content\/uploads\/2013\/04\/P1030861.jpeg'><img loading=\"lazy\" decoding=\"async\" width=\"200\" height=\"200\" src=\"https:\/\/www.revuegruppen.com\/gruppen\/wp-content\/uploads\/2013\/04\/P1030861-200x200.jpeg\" class=\"attachment-thumbnail size-thumbnail\" alt=\"\" srcset=\"https:\/\/www.revuegruppen.com\/gruppen\/wp-content\/uploads\/2013\/04\/P1030861-200x200.jpeg 200w, https:\/\/www.revuegruppen.com\/gruppen\/wp-content\/uploads\/2013\/04\/P1030861-400x400.jpeg 400w, https:\/\/www.revuegruppen.com\/gruppen\/wp-content\/uploads\/2013\/04\/P1030861-800x800.jpeg 800w, https:\/\/www.revuegruppen.com\/gruppen\/wp-content\/uploads\/2013\/04\/P1030861-100x100.jpeg 100w\" sizes=\"auto, (max-width: 200px) 100vw, 200px\" \/><\/a>\n\t\t\t<\/div><\/figure><figure class='gallery-item'>\n\t\t\t<div class='gallery-icon landscape'>\n\t\t\t\t<a href='https:\/\/www.revuegruppen.com\/gruppen\/wp-content\/uploads\/2013\/04\/P1030863.jpeg'><img loading=\"lazy\" decoding=\"async\" width=\"200\" height=\"200\" src=\"https:\/\/www.revuegruppen.com\/gruppen\/wp-content\/uploads\/2013\/04\/P1030863-200x200.jpeg\" class=\"attachment-thumbnail size-thumbnail\" alt=\"\" srcset=\"https:\/\/www.revuegruppen.com\/gruppen\/wp-content\/uploads\/2013\/04\/P1030863-200x200.jpeg 200w, https:\/\/www.revuegruppen.com\/gruppen\/wp-content\/uploads\/2013\/04\/P1030863-400x400.jpeg 400w, https:\/\/www.revuegruppen.com\/gruppen\/wp-content\/uploads\/2013\/04\/P1030863-800x800.jpeg 800w, https:\/\/www.revuegruppen.com\/gruppen\/wp-content\/uploads\/2013\/04\/P1030863-100x100.jpeg 100w\" sizes=\"auto, (max-width: 200px) 100vw, 200px\" \/><\/a>\n\t\t\t<\/div><\/figure>\n\t\t<\/div>\n\n","protected":false},"excerpt":{"rendered":"<p>Sous la direction Laurent Jarfer<br \/>\n<span style=\"font-size: 10pt;\">(en collaboration avec Pierre-Ulysse Barranque)<\/span><\/p>\n<p style=\"text-align: justify;\">\u00c0 l\u2019origine de cet ouvrage collectif se trouve un constat historique partag\u00e9 par ses diff\u00e9rents contributeurs : notre monde contemporain est impensable sans la critique th\u00e9orique, politique et artistique des situationnistes.<br \/>\nIl s\u2019agira d\u00e8s lors de pr\u00e9senter la diversit\u00e9 et la richesse des enseignements que nous transmettent les \u0153uvres de deux des principaux membres de ce mouvement, \u00e0 savoir Guy Debord et Raoul Vaneigem. C\u2019est dans une perspective transdisciplinaire que les questions de la Th\u00e9orie, du Spectacle et du Cin\u00e9ma seront examin\u00e9es, avec la participation de Raoul Vaneigem, Morgan Sport\u00e8s, Patrick Marcolini, Keith Sanborn, Yann Beauvais, Pierre-Ulysse Barranque et Laurent Jarfer.<\/p>\n","protected":false},"featured_media":9861,"template":"","meta":[],"product_brand":[],"product_cat":[66,68],"product_tag":[34,41,691,436,692,49,567,693,552,570,694,695,696,65],"class_list":{"0":"post-7447","1":"product","2":"type-product","3":"status-publish","4":"has-post-thumbnail","6":"tagmedia-in-situs","7":"product_cat-catalogue","8":"product_cat-livres","9":"product_tag-cinema","10":"product_tag-gruppen-editions","11":"product_tag-guy-debord","12":"product_tag-in-situs","13":"product_tag-keith-sanborn","14":"product_tag-laurent-jarfer","15":"product_tag-morgan-sportes","16":"product_tag-patrick-marcolini","17":"product_tag-pierre-ulysse-barranque","18":"product_tag-raoul-vaneigem","19":"product_tag-situationnistes","20":"product_tag-situs","21":"product_tag-spectacle","22":"product_tag-yann-beauvais","23":"product_shipping_class-jusqua-250g","24":"pa_date-de-parution-25-avril-2013","25":"pa_isbn-978-2-919103-08-9","26":"pa_nombre-de-pages-144-pages","28":"first","29":"instock","30":"shipping-taxable","31":"purchasable","32":"product-type-simple"},"_links":{"self":[{"href":"https:\/\/www.revuegruppen.com\/gruppen\/wp-json\/wp\/v2\/product\/7447","targetHints":{"allow":["GET"]}}],"collection":[{"href":"https:\/\/www.revuegruppen.com\/gruppen\/wp-json\/wp\/v2\/product"}],"about":[{"href":"https:\/\/www.revuegruppen.com\/gruppen\/wp-json\/wp\/v2\/types\/product"}],"wp:featuredmedia":[{"embeddable":true,"href":"https:\/\/www.revuegruppen.com\/gruppen\/wp-json\/wp\/v2\/media\/9861"}],"wp:attachment":[{"href":"https:\/\/www.revuegruppen.com\/gruppen\/wp-json\/wp\/v2\/media?parent=7447"}],"wp:term":[{"taxonomy":"product_brand","embeddable":true,"href":"https:\/\/www.revuegruppen.com\/gruppen\/wp-json\/wp\/v2\/product_brand?post=7447"},{"taxonomy":"product_cat","embeddable":true,"href":"https:\/\/www.revuegruppen.com\/gruppen\/wp-json\/wp\/v2\/product_cat?post=7447"},{"taxonomy":"product_tag","embeddable":true,"href":"https:\/\/www.revuegruppen.com\/gruppen\/wp-json\/wp\/v2\/product_tag?post=7447"}],"curies":[{"name":"wp","href":"https:\/\/api.w.org\/{rel}","templated":true}]}}