{"id":10436,"date":"2023-01-12T18:13:35","date_gmt":"2023-01-12T17:13:35","guid":{"rendered":"https:\/\/www.revuegruppen.com\/gruppen\/?post_type=product&#038;p=10436"},"modified":"2024-04-12T21:34:08","modified_gmt":"2024-04-12T19:34:08","slug":"lenchassement","status":"publish","type":"product","link":"https:\/\/www.revuegruppen.com\/gruppen\/produit\/lenchassement\/","title":{"rendered":"L&rsquo;Ench\u00e2ssement"},"content":{"rendered":"<p><strong>Premi\u00e8re s\u00e9rie<\/strong><\/p>\n<p><em>Mode d\u2019emploi<\/em><\/p>\n<p>Chapitre 1. La querelle de 1875<br \/>\nChapitre 2. Contrefa\u00e7ons<br \/>\nChapitre 3. Plagiat<br \/>\nChapitre 4. Dialogue nocturne d\u2019un Allemand et d\u2019un Bororo<br \/>\nChapitre 5. Vie et \u0153uvre de Pierre Darriand<\/p>\n<p><strong>Seconde s\u00e9rie<\/strong><\/p>\n<p><em>Mode d\u2019emploi<\/em><\/p>\n<p>Chapitre 1. Nouvelles impressions d\u2019Afrique<br \/>\nChapitre 2. Portrait de l\u2019\u00e9tudiant en \u00e9criture<br \/>\nChapitre 3. Hell Gate<br \/>\nChapitre 4. Comme on dit<\/p>\n<div id='gallery-1' class='gallery galleryid-10436 gallery-columns-7 gallery-size-thumbnail'><figure class='gallery-item'>\n\t\t\t<div class='gallery-icon portrait'>\n\t\t\t\t<a href='https:\/\/www.revuegruppen.com\/gruppen\/wp-content\/uploads\/2022\/12\/6-min-min.jpg'><img loading=\"lazy\" decoding=\"async\" width=\"200\" height=\"200\" src=\"https:\/\/www.revuegruppen.com\/gruppen\/wp-content\/uploads\/2022\/12\/6-min-min-200x200.jpg\" class=\"attachment-thumbnail size-thumbnail\" alt=\"\" srcset=\"https:\/\/www.revuegruppen.com\/gruppen\/wp-content\/uploads\/2022\/12\/6-min-min-200x200.jpg 200w, https:\/\/www.revuegruppen.com\/gruppen\/wp-content\/uploads\/2022\/12\/6-min-min-400x400.jpg 400w, https:\/\/www.revuegruppen.com\/gruppen\/wp-content\/uploads\/2022\/12\/6-min-min-100x100.jpg 100w\" sizes=\"auto, (max-width: 200px) 100vw, 200px\" \/><\/a>\n\t\t\t<\/div><\/figure><figure class='gallery-item'>\n\t\t\t<div class='gallery-icon portrait'>\n\t\t\t\t<a href='https:\/\/www.revuegruppen.com\/gruppen\/wp-content\/uploads\/2022\/12\/IMG_20221216_131900-min-min.jpg'><img loading=\"lazy\" decoding=\"async\" width=\"200\" height=\"200\" src=\"https:\/\/www.revuegruppen.com\/gruppen\/wp-content\/uploads\/2022\/12\/IMG_20221216_131900-min-min-200x200.jpg\" class=\"attachment-thumbnail size-thumbnail\" alt=\"\" srcset=\"https:\/\/www.revuegruppen.com\/gruppen\/wp-content\/uploads\/2022\/12\/IMG_20221216_131900-min-min-200x200.jpg 200w, https:\/\/www.revuegruppen.com\/gruppen\/wp-content\/uploads\/2022\/12\/IMG_20221216_131900-min-min-400x400.jpg 400w, https:\/\/www.revuegruppen.com\/gruppen\/wp-content\/uploads\/2022\/12\/IMG_20221216_131900-min-min-100x100.jpg 100w\" sizes=\"auto, (max-width: 200px) 100vw, 200px\" \/><\/a>\n\t\t\t<\/div><\/figure><figure class='gallery-item'>\n\t\t\t<div class='gallery-icon portrait'>\n\t\t\t\t<a href='https:\/\/www.revuegruppen.com\/gruppen\/wp-content\/uploads\/2022\/12\/IMG_20221216_131942-min-min.jpg'><img loading=\"lazy\" decoding=\"async\" width=\"200\" height=\"200\" src=\"https:\/\/www.revuegruppen.com\/gruppen\/wp-content\/uploads\/2022\/12\/IMG_20221216_131942-min-min-200x200.jpg\" class=\"attachment-thumbnail size-thumbnail\" alt=\"\" srcset=\"https:\/\/www.revuegruppen.com\/gruppen\/wp-content\/uploads\/2022\/12\/IMG_20221216_131942-min-min-200x200.jpg 200w, https:\/\/www.revuegruppen.com\/gruppen\/wp-content\/uploads\/2022\/12\/IMG_20221216_131942-min-min-400x400.jpg 400w, https:\/\/www.revuegruppen.com\/gruppen\/wp-content\/uploads\/2022\/12\/IMG_20221216_131942-min-min-100x100.jpg 100w\" sizes=\"auto, (max-width: 200px) 100vw, 200px\" \/><\/a>\n\t\t\t<\/div><\/figure><figure class='gallery-item'>\n\t\t\t<div class='gallery-icon portrait'>\n\t\t\t\t<a href='https:\/\/www.revuegruppen.com\/gruppen\/wp-content\/uploads\/2022\/12\/IMG_20221216_132020-min-min.jpg'><img loading=\"lazy\" decoding=\"async\" width=\"200\" height=\"200\" src=\"https:\/\/www.revuegruppen.com\/gruppen\/wp-content\/uploads\/2022\/12\/IMG_20221216_132020-min-min-200x200.jpg\" class=\"attachment-thumbnail size-thumbnail\" alt=\"\" srcset=\"https:\/\/www.revuegruppen.com\/gruppen\/wp-content\/uploads\/2022\/12\/IMG_20221216_132020-min-min-200x200.jpg 200w, https:\/\/www.revuegruppen.com\/gruppen\/wp-content\/uploads\/2022\/12\/IMG_20221216_132020-min-min-400x400.jpg 400w, https:\/\/www.revuegruppen.com\/gruppen\/wp-content\/uploads\/2022\/12\/IMG_20221216_132020-min-min-100x100.jpg 100w\" sizes=\"auto, (max-width: 200px) 100vw, 200px\" \/><\/a>\n\t\t\t<\/div><\/figure><figure class='gallery-item'>\n\t\t\t<div class='gallery-icon portrait'>\n\t\t\t\t<a href='https:\/\/www.revuegruppen.com\/gruppen\/wp-content\/uploads\/2022\/12\/IMG_20221216_132100-min-min.jpg'><img loading=\"lazy\" decoding=\"async\" width=\"200\" height=\"200\" src=\"https:\/\/www.revuegruppen.com\/gruppen\/wp-content\/uploads\/2022\/12\/IMG_20221216_132100-min-min-200x200.jpg\" class=\"attachment-thumbnail size-thumbnail\" alt=\"\" srcset=\"https:\/\/www.revuegruppen.com\/gruppen\/wp-content\/uploads\/2022\/12\/IMG_20221216_132100-min-min-200x200.jpg 200w, https:\/\/www.revuegruppen.com\/gruppen\/wp-content\/uploads\/2022\/12\/IMG_20221216_132100-min-min-400x400.jpg 400w, https:\/\/www.revuegruppen.com\/gruppen\/wp-content\/uploads\/2022\/12\/IMG_20221216_132100-min-min-100x100.jpg 100w\" sizes=\"auto, (max-width: 200px) 100vw, 200px\" \/><\/a>\n\t\t\t<\/div><\/figure><figure class='gallery-item'>\n\t\t\t<div class='gallery-icon portrait'>\n\t\t\t\t<a href='https:\/\/www.revuegruppen.com\/gruppen\/wp-content\/uploads\/2022\/12\/IMG_20221216_132158-min-min.jpg'><img loading=\"lazy\" decoding=\"async\" width=\"200\" height=\"200\" src=\"https:\/\/www.revuegruppen.com\/gruppen\/wp-content\/uploads\/2022\/12\/IMG_20221216_132158-min-min-200x200.jpg\" class=\"attachment-thumbnail size-thumbnail\" alt=\"\" srcset=\"https:\/\/www.revuegruppen.com\/gruppen\/wp-content\/uploads\/2022\/12\/IMG_20221216_132158-min-min-200x200.jpg 200w, https:\/\/www.revuegruppen.com\/gruppen\/wp-content\/uploads\/2022\/12\/IMG_20221216_132158-min-min-400x400.jpg 400w, https:\/\/www.revuegruppen.com\/gruppen\/wp-content\/uploads\/2022\/12\/IMG_20221216_132158-min-min-100x100.jpg 100w\" sizes=\"auto, (max-width: 200px) 100vw, 200px\" \/><\/a>\n\t\t\t<\/div><\/figure><figure class='gallery-item'>\n\t\t\t<div class='gallery-icon portrait'>\n\t\t\t\t<a href='https:\/\/www.revuegruppen.com\/gruppen\/wp-content\/uploads\/2022\/12\/IMG_20221216_132225-min-min.jpg'><img loading=\"lazy\" decoding=\"async\" width=\"200\" height=\"200\" src=\"https:\/\/www.revuegruppen.com\/gruppen\/wp-content\/uploads\/2022\/12\/IMG_20221216_132225-min-min-200x200.jpg\" class=\"attachment-thumbnail size-thumbnail\" alt=\"\" srcset=\"https:\/\/www.revuegruppen.com\/gruppen\/wp-content\/uploads\/2022\/12\/IMG_20221216_132225-min-min-200x200.jpg 200w, https:\/\/www.revuegruppen.com\/gruppen\/wp-content\/uploads\/2022\/12\/IMG_20221216_132225-min-min-400x400.jpg 400w, https:\/\/www.revuegruppen.com\/gruppen\/wp-content\/uploads\/2022\/12\/IMG_20221216_132225-min-min-100x100.jpg 100w\" sizes=\"auto, (max-width: 200px) 100vw, 200px\" \/><\/a>\n\t\t\t<\/div><\/figure><figure class='gallery-item'>\n\t\t\t<div class='gallery-icon portrait'>\n\t\t\t\t<a href='https:\/\/www.revuegruppen.com\/gruppen\/wp-content\/uploads\/2022\/12\/IMG_20221216_132251-min-min.jpg'><img loading=\"lazy\" decoding=\"async\" width=\"200\" height=\"200\" src=\"https:\/\/www.revuegruppen.com\/gruppen\/wp-content\/uploads\/2022\/12\/IMG_20221216_132251-min-min-200x200.jpg\" class=\"attachment-thumbnail size-thumbnail\" alt=\"\" srcset=\"https:\/\/www.revuegruppen.com\/gruppen\/wp-content\/uploads\/2022\/12\/IMG_20221216_132251-min-min-200x200.jpg 200w, https:\/\/www.revuegruppen.com\/gruppen\/wp-content\/uploads\/2022\/12\/IMG_20221216_132251-min-min-400x400.jpg 400w, https:\/\/www.revuegruppen.com\/gruppen\/wp-content\/uploads\/2022\/12\/IMG_20221216_132251-min-min-100x100.jpg 100w\" sizes=\"auto, (max-width: 200px) 100vw, 200px\" \/><\/a>\n\t\t\t<\/div><\/figure><figure class='gallery-item'>\n\t\t\t<div class='gallery-icon portrait'>\n\t\t\t\t<a href='https:\/\/www.revuegruppen.com\/gruppen\/wp-content\/uploads\/2022\/12\/IMG_20221216_132320-min-min.jpg'><img loading=\"lazy\" decoding=\"async\" width=\"200\" height=\"200\" src=\"https:\/\/www.revuegruppen.com\/gruppen\/wp-content\/uploads\/2022\/12\/IMG_20221216_132320-min-min-200x200.jpg\" class=\"attachment-thumbnail size-thumbnail\" alt=\"\" srcset=\"https:\/\/www.revuegruppen.com\/gruppen\/wp-content\/uploads\/2022\/12\/IMG_20221216_132320-min-min-200x200.jpg 200w, https:\/\/www.revuegruppen.com\/gruppen\/wp-content\/uploads\/2022\/12\/IMG_20221216_132320-min-min-400x400.jpg 400w, https:\/\/www.revuegruppen.com\/gruppen\/wp-content\/uploads\/2022\/12\/IMG_20221216_132320-min-min-100x100.jpg 100w\" sizes=\"auto, (max-width: 200px) 100vw, 200px\" \/><\/a>\n\t\t\t<\/div><\/figure><figure class='gallery-item'>\n\t\t\t<div class='gallery-icon portrait'>\n\t\t\t\t<a href='https:\/\/www.revuegruppen.com\/gruppen\/wp-content\/uploads\/2022\/12\/2-min-min.jpg'><img loading=\"lazy\" decoding=\"async\" width=\"200\" height=\"200\" src=\"https:\/\/www.revuegruppen.com\/gruppen\/wp-content\/uploads\/2022\/12\/2-min-min-200x200.jpg\" class=\"attachment-thumbnail size-thumbnail\" alt=\"\" srcset=\"https:\/\/www.revuegruppen.com\/gruppen\/wp-content\/uploads\/2022\/12\/2-min-min-200x200.jpg 200w, https:\/\/www.revuegruppen.com\/gruppen\/wp-content\/uploads\/2022\/12\/2-min-min-400x400.jpg 400w, https:\/\/www.revuegruppen.com\/gruppen\/wp-content\/uploads\/2022\/12\/2-min-min-100x100.jpg 100w\" sizes=\"auto, (max-width: 200px) 100vw, 200px\" \/><\/a>\n\t\t\t<\/div><\/figure>\n\t\t<\/div>\n\n","protected":false},"excerpt":{"rendered":"<p style=\"text-align: justify;\">Que se passe-t-il lorsque certains proc\u00e9d\u00e9s po\u00e9tiques et narratifs propres \u00e0 la litt\u00e9rature sont import\u00e9s dans l\u2019\u00e9criture des sciences humaines ? Un partage repens\u00e9 entre argumentation et narration ? Une lente et m\u00e9thodique d\u00e9rive vers la fiction ? Une attention renouvel\u00e9e aux techniques et aux formes du r\u00e9cit ? Une d\u00e9structuration du compte-rendu d\u2019enqu\u00eate ? Un usage \u00e0 la fois plus explicite et plus retors de la position d\u2019auteur ? Une reconnaissance des fantasmes sous-jacents \u00e0 toute construction d\u2019objet th\u00e9orique, \u00e0 toute activit\u00e9 sp\u00e9culative ?<\/p>\n<p style=\"text-align: justify;\">Les deux s\u00e9ries de textes qui constituent ce livre explorent ces questions par t\u00e2tonnements successifs. Si les probl\u00e8mes anthropologiques du savoir, de l\u2019\u00e9criture et de l\u2019autorit\u00e9 en constituent assez classiquement le point de d\u00e9part, ce n\u2019est que pour mieux m\u00e9nager les conditions d\u2019un dispositif exp\u00e9rimental o\u00f9 les r\u00e9cits d\u2019enqu\u00eates, toujours rigoureusement men\u00e9s, se d\u00e9litent n\u00e9anmoins peu \u00e0 peu. Des vari\u00e9t\u00e9s distinctes de fabulation apparaissent alors sans jamais trancher tout \u00e0 fait le cordon ombilical qui les rattache aux sciences humaines.<\/p>\n<p style=\"text-align: justify;\"><strong><br \/>\nPierre D\u00e9l\u00e9age<\/strong> est anthropologue, philosophe et traducteur. Il a notamment publi\u00e9 <em>Le chant de l\u2019anaconda : l\u2019apprentissage du chamanisme chez les Sharanahua<\/em><i>\u00a0<\/i>(Soci\u00e9t\u00e9 d\u2019ethnologie, Nanterre, 2009) et <em>L\u2019autre-mental. Figures de l\u2019anthropologue en \u00e9crivain de science-fiction<\/em><i>\u00a0<\/i>(La D\u00e9couverte, Paris, 2020).<\/p>\n","protected":false},"featured_media":10437,"template":"","meta":[],"product_brand":[],"product_cat":[66,68],"product_tag":[31,59],"class_list":{"0":"post-10436","1":"product","2":"type-product","3":"status-publish","4":"has-post-thumbnail","6":"tagmedia-lenchassement","7":"product_cat-catalogue","8":"product_cat-livres","9":"product_tag-anthropologie","10":"product_tag-pierre-deleage","11":"product_shipping_class-entre-250-et-500g","12":"pa_a-paraitre-13-janvier-2023","13":"pa_auteur-pierre-deleage","14":"pa_date-de-parution-13-janvier-2023","15":"pa_isbn-978-2-919103-25-6","16":"pa_nombre-de-pages-961","18":"first","19":"instock","20":"shipping-taxable","21":"purchasable","22":"product-type-simple"},"_links":{"self":[{"href":"https:\/\/www.revuegruppen.com\/gruppen\/wp-json\/wp\/v2\/product\/10436","targetHints":{"allow":["GET"]}}],"collection":[{"href":"https:\/\/www.revuegruppen.com\/gruppen\/wp-json\/wp\/v2\/product"}],"about":[{"href":"https:\/\/www.revuegruppen.com\/gruppen\/wp-json\/wp\/v2\/types\/product"}],"wp:featuredmedia":[{"embeddable":true,"href":"https:\/\/www.revuegruppen.com\/gruppen\/wp-json\/wp\/v2\/media\/10437"}],"wp:attachment":[{"href":"https:\/\/www.revuegruppen.com\/gruppen\/wp-json\/wp\/v2\/media?parent=10436"}],"wp:term":[{"taxonomy":"product_brand","embeddable":true,"href":"https:\/\/www.revuegruppen.com\/gruppen\/wp-json\/wp\/v2\/product_brand?post=10436"},{"taxonomy":"product_cat","embeddable":true,"href":"https:\/\/www.revuegruppen.com\/gruppen\/wp-json\/wp\/v2\/product_cat?post=10436"},{"taxonomy":"product_tag","embeddable":true,"href":"https:\/\/www.revuegruppen.com\/gruppen\/wp-json\/wp\/v2\/product_tag?post=10436"}],"curies":[{"name":"wp","href":"https:\/\/api.w.org\/{rel}","templated":true}]}}